or of b and 24.
12
Suppose 1189 = -4*z + 209. Let f be z/(-25)*(12 + -7). What is the greatest common divisor of 441 and f?
49
Suppose 26 = 4*x - 5*c, 6 = 4*x + 8*c - 3*c. Suppose 0 = 3*w - 2*u - 60, 8 + x = -4*u. Calculate the greatest common divisor of w and 117.
9
Let o be (-2)/8 + (-1090)/(-8). Suppose -5*m + 331 = 3*a, -14*m = a - 11*m - 117. What is the greatest common divisor of o and a?
34
Let u = -8590 + 8636. Suppose s + 1 = -5. Let i = u + s. What is the highest common factor of i and 16?
8
Suppose 0 = -158*n + 164*n + 5*s - 46, -4*s = 2*n - 34. Suppose 3*q = -2*q + 10. What is the greatest common factor of q and n?
1
Suppose -w = -0*w + 9. Let i(b) = -17 - 14 + 8 - 5*b - 4. Let n be i(w). Calculate the greatest common divisor of n and 2.
2
Let f be 60/(-90) + 196/6. What is the highest common factor of 208 and f?
16
Let b(r) = 2*r**2 - 79*r - 723. Let o be b(-24). What is the greatest common divisor of o and 31?
31
Let g = -38702 - -38742. Suppose 2*k + 0*x = x + 79, -4*x - 196 = -5*k. What is the highest common divisor of k and g?
40
Let g = 22 - 44. Let c = 152 + g. Suppose -5*o + 127 = 5*y - 123, 3*o - c = y. What is the greatest common divisor of o and 75?
15
Suppose 81*d = 32 + 454. Calculate the greatest common divisor of d and 762.
6
Suppose -r + 21 = -30. Suppose 145 = 4*l - r. Suppose 47*w = -6*w + 218 + 153. What is the greatest common factor of l and w?
7
Let b = 2881 - 2879. Suppose w = 4*w - 60. Suppose b*g = -8 + w. What is the greatest common divisor of g and 30?
6
Let c be (18/(-21))/((-6)/21). Suppose -c*a + 239 = -5*f, 2*a + 0*f - f - 157 = 0. Calculate the highest common divisor of 6 and a.
6
Suppose -99 = -d + 16. Suppose 3*x + w = -d, 3*x = 5*x + 4*w + 90. Let l = 48 + x. What is the greatest common factor of l and 1?
1
Let n(v) = v + 19. Let w = -4 - 7. Let o be n(w). Let a be 60/8 - (-4)/o. What is the greatest common divisor of 40 and a?
8
Suppose -p = 4*p - 965. Let b be -21 + 13 + 72 + -15. Let c = p - b. What is the highest common divisor of 9 and c?
9
Suppose 8 = -4*f, 0 = 3*c - 5*f + 2 + 3. Let a(o) = 17*o - 95. Let z be a(6). Let l be ((-868)/(-10))/z + 2/c. What is the greatest common factor of l and 32?
4
Let a be (-408)/(-5)*((-4)/(-6) - -6). Calculate the greatest common divisor of a and 48.
16
Let n be (14/2)/21 - (-1)/(-3). Suppose n = 3*r + 2*m - 185, -2*m + 311 = 6*r - r. What is the highest common divisor of 84 and r?
21
Let g = 16 + -7. Let h(t) = -t**3 + 14*t**2 - 3*t - 37. Let n be h(g). Calculate the greatest common factor of 11 and n.
11
Let w be 1/(-2) + (-54)/(-4). Let c = -548 + 561. What is the highest common divisor of c and w?
13
Suppose -5*r + x + 29 = 0, 3*x - 3 = -5*r + 2*r. Suppose 0 = z - s + r*s - 73, 4*z = -2*s + 320. What is the highest common divisor of z and 81?
81
Suppose 3*j + 0*m = -2*m + 296, -m - 2 = 0. What is the highest common divisor of j and 500?
100
Let r be 363/242 + -1*(-7)/2. Suppose 0 = 5*u + z + 802 - 2028, -5*z = r*u - 1230. What is the greatest common divisor of u and 147?
49
Let q = 13531 + -13475. Calculate the greatest common divisor of q and 6580.
28
Suppose -7 = 3*i + 8. Let n be (-16)/(i/(-30)*3). Let q = -16 - n. Calculate the highest common divisor of q and 128.
16
Let w = 284 - 280. Suppose w*p - 312 = 52. What is the greatest common factor of p and 7?
7
Suppose p = -2*j + 4450, 4*j + 0*p + 4*p = 8900. Calculate the highest common divisor of j and 25.
25
Suppose -7*s = -83*s + 25*s + 1275. Let g be (3 - 0)/(6/4). Suppose 60 = 2*a + g*a. What is the greatest common divisor of s and a?
5
Let c be (-1353)/2255 + ((-4)/18 - 138952/(-45)). Calculate the highest common divisor of c and 189.
63
Let t(o) = -66*o - 14. Let g be t(-3). Let h = g + -160. Calculate the greatest common factor of h and 8.
8
Let y = -464 - 37. Let x = -358 - y. What is the highest common factor of 78 and x?
13
Let u(w) = w**3 - 13*w**2 + 41*w - 16. Let o be u(15). Let d = o + -631. Calculate the highest common factor of d and 44.
22
Let x = 788 + 1037. Calculate the highest common factor of 511 and x.
73
Suppose 3*d - 37 = 2*j - 67, -2*j + 2 = 4*d. Calculate the highest common factor of 10377 and j.
9
Let h = 15918 - 4988. What is the highest common factor of 20 and h?
10
Let p(t) = 38*t + 81. Let q be p(-1). Calculate the highest common divisor of 1075 and q.
43
Suppose 17*b - 1898 - 2241 + 1147 = 0. What is the highest common factor of 464 and b?
16
Let t = 20800 - 8128. Calculate the greatest common factor of t and 16.
16
Let u = 7913 + -7911. What is the greatest common factor of 618 and u?
2
Let d be (-9918)/(-4) - 7/14. Let i = d + -1301. Calculate the greatest common divisor of 19 and i.
19
Let n be 17226/429 + (-4)/26. What is the highest common factor of 420 and n?
20
Suppose -2*o + 5*v = -6*v - 1149, 2*o = -5*v + 1197. What is the highest common divisor of o and 6?
3
Let n be 64/5*(-14160)/(-3776). Let o = -1 + 4. Calculate the highest common divisor of o and n.
3
Let o be (-20)/(-1)*(-22)/44. Let u be (0 + -1)*(o + -11). Calculate the greatest common divisor of u and 168.
21
Let w(h) = -h**3 + 11*h**2 - 16*h - 49. Let m be w(8). What is the greatest common divisor of 33 and m?
3
Let w be (555/(-18) + 2)/(9/(-54)). Calculate the greatest common factor of w and 1.
1
Suppose -4*h = d - h - 12, 3*d + 6 = 5*h. Suppose u = -j + 3 + 10, -16 = -2*u + d*j. Calculate the highest common divisor of 88 and u.
11
Let k = 2733 + -1635. Calculate the highest common divisor of 488 and k.
122
Let l = 1821 - 941. Calculate the greatest common factor of l and 128.
16
Let t(y) = -303*y + 4304. Let b be t(-8). Calculate the highest common factor of 32 and b.
8
Suppose 21*o - 8406 = 3*o. Suppose t - 6*t = -q - o, 2*t - q = 188. Calculate the highest common divisor of t and 837.
93
Let j be -4 + 28/6 + (-22)/33. Suppose -4*g + 218 - 58 = j. Calculate the greatest common factor of 60 and g.
20
Let l be (594/8)/(2/16). Let u be -6*(4*165/88 - 13). What is the highest common divisor of u and l?
33
Let n(d) = -5*d**3 + 447*d**2 + 318*d - 210. Let t be n(90). What is the greatest common divisor of 210 and t?
30
Suppose 54*w + 28*w - 1640 = 0. Suppose o + 4*o - 300 = 0. Calculate the greatest common divisor of w and o.
20
Let d = -167 + 165. Let t be ((-8)/16)/(d/4)*42. What is the greatest common divisor of 14 and t?
14
Let u be 24 + 114 - ((-6)/(-18))/((-1)/(-6)). What is the highest common divisor of 425 and u?
17
Suppose 0 = -3*b + 4 + 11. Let c be 18004/112 - (-5)/4. Let q = c - 147. What is the highest common factor of q and b?
5
Suppose -2*f + 285 = -f. Let a = f - -100. Let x be 53/106 + (-207)/(-6). What is the highest common divisor of a and x?
35
Let m = -113 + 167. Suppose 2*o + m = a, -2*a + 92 = 5*o - o. What is the greatest common factor of 75 and a?
25
Let s(d) = 8*d**2 + 7*d - 6. Let m be s(-6). Let l = -44 + m. Let z be 1/(l/64 + -3). What is the greatest common divisor of z and 112?
16
Let z be ((-2000)/(-140))/((10/21)/5). Calculate the greatest common factor of 810 and z.
30
Let f(y) = -y**3 + 23*y**2 - 24*y - 38. Let b(q) = q**2 - 3. Let z(w) = 4*b(w) + f(w). Let v be z(26). What is the greatest common divisor of 1 and v?
1
Suppose -26 + 42 = 2*i. Let l(x) = 8*x - 57. Let m be l(i). Let p be (-14)/(4/(-14) + 0). What is the highest common factor of m and p?
7
Suppose -981 = -5*g - 3*f, -985 = -g - 4*g - 5*f. Suppose -g + 66 = -3*a. Let p = a - -111. What is the greatest common divisor of 14 and p?
14
Let k(s) = 3*s**2 + s - 14. Let p be k(-6). Let w be (2/4)/(7/742) + 2. Calculate the highest common factor of w and p.
11
Suppose -2*j + 2 = 5*v + 160, 0 = 5*j - 3*v + 364. Let t = j - -125. Let u = -45 + t. What is the greatest common divisor of 9 and u?
3
Let z = 2688 - 1895. Suppose 0*a + a - u = 398, -2*a = -u - z. Calculate the highest common factor of 158 and a.
79
Let j(a) = -a**3 + 4*a**2 + 4*a + 7. Let z be j(5). Suppose 0 = -h + z*h - 16. Suppose 10*v - 640 = 5*v. What is the greatest common factor of v and h?
16
Suppose -7*t - 43 = -9*t + j, 2*t = -4*j + 68. Calculate the highest common factor of t and 19416.
24
Let b be ((-204)/(-612))/(1/48). Let d(t) = -1551*t**3 + 2*t**2 + 2*t + 1. Let q be d(-1). What is the highest common divisor of b and q?
16
Let l = -17